{"id":2856,"date":"2026-04-15T13:21:33","date_gmt":"2026-04-15T13:21:33","guid":{"rendered":"https:\/\/www.estudiotrevisan.com\/sitio\/?page_id=2856"},"modified":"2026-04-17T12:23:54","modified_gmt":"2026-04-17T12:23:54","slug":"el-equipo","status":"publish","type":"page","link":"https:\/\/www.estudiotrevisan.com\/sitio\/el-equipo\/","title":{"rendered":"El Equipo"},"content":{"rendered":"<section class=\"wpb-content-wrapper\"><p>[vc_row bg_type=\u00bbcolor\u00bb header_feature=\u00bbyes\u00bb padding_bottom=\u00bb30&#8243; margin_bottom=\u00bb0&#8243; bg_color=\u00bb#f2f2f2&#8243; el_class=\u00bbequipo\u00bb][vc_column css=\u00bb.vc_custom_1770746653925{padding-top: 60px !important;background-color: #f2f2f2 !important;}\u00bb]<div class=\"eut-element eut-slogan eut-align-center\" style=\"\"><h3 class=\"eut-slogan-title eut-align-center eut-title-line\"><span>Integrantes<\/span><\/h3><\/div>[\/vc_column][vc_column css=\u00bb.vc_custom_1770746527232{background-color: #f2f2f2 !important;}\u00bb][vc_empty_space height=\u00bb60&#8243;][\/vc_column][vc_column width=\u00bb1\/3&#8243; css=\u00bb.vc_custom_1770746775101{background-color: #f2f2f2 !important;}\u00bb]<div class=\"eut-element eut-image eut-align-center\" style=\"\"><img loading=\"lazy\" decoding=\"async\" width=\"150\" height=\"150\" src=\"https:\/\/www.estudiotrevisan.com\/sitio\/wp-content\/uploads\/2026\/02\/hector-150x150.jpg\" class=\"attachment-thumbnail size-thumbnail\" alt=\"\" \/><\/div><h4 class=\"eut-element eut-align-center eut-title-no-line\" style=\"\"><span>H\u00e9ctor R. Trevis\u00e1n<\/span><\/h4>[vc_tta_accordion title_tag=\u00bbh6&#8243; section_title_tag=\u00bbh6&#8243; c_align=\u00bbcenter\u00bb c_icon=\u00bb\u00bb active_section=\u00bb123&#8243; collapsible_all=\u00bbtrue\u00bb el_class=\u00bbperfil\u00bb][vc_tta_section title=\u00bbVer Perfil\u00bb tab_id=\u00bbhector\u00bb el_class=\u00bbver-perfil\u00bb][vc_column_text]<span style=\"color: #2d6cb4;\"><strong>Se incorpor\u00f3 al Estudio Trevis\u00e1n en 1967.<br \/>\n<a href=\"mailto:htrevisan@estudiotrevisan.com\">htrevisan@estudiotrevisan.com<\/a><\/strong><\/span><\/p>\n<p><span style=\"color: #2d6cb4;\"><strong>Educaci\u00f3n:<\/strong><\/span><br \/>\nUniversidad de Buenos Aires (UBA), abogado, 1967.<br \/>\nTulane University , Louisiana, EEUU (LLM, 1969).<\/p>\n<p><span style=\"color: #2d6cb4;\"><strong>\u00c1reas de pr\u00e1ctica:<\/strong><\/span><br \/>\nPr\u00e1ctica General, Derecho Comercial. Asesoramiento integral a empresas. Derecho Societario. Adquisiciones y fusiones. Contratos. Corporativos. Derecho Civil. Litigios.<\/p>\n<p><span style=\"color: #2d6cb4;\"><strong>Otros:<\/strong><\/span><br \/>\nMiembro del Colegio P\u00fablico de Abogados la Capital Federal (CPACF).<br \/>\nMiembro del Colegio de Abogados de la Provincia de Buenos Aires.<br \/>\nSocio del Colegio de Abogados de la Ciudad de Buenos Aires (CACBA).<br \/>\nMiembro de la International Bar Association (IBA).<br \/>\nMiembro del Licensing Executives Society (LES).<\/p>\n<p><span style=\"color: #2d6cb4;\"><strong>Docencia:<\/strong><\/span><br \/>\nProfesor del Fores (Escuela de Abogac\u00eda de Buenos Aires &#8211; EABA).<\/p>\n<p><span style=\"color: #2d6cb4;\"><strong>Idiomas:<\/strong><\/span><br \/>\nEspa\u00f1ol &#8211; Ingl\u00e9s.[\/vc_column_text][\/vc_tta_section][\/vc_tta_accordion][\/vc_column][vc_column width=\u00bb1\/3&#8243; css=\u00bb.vc_custom_1770746789569{background-color: #f2f2f2 !important;}\u00bb]<div class=\"eut-element eut-image eut-align-center\" style=\"\"><img loading=\"lazy\" decoding=\"async\" width=\"150\" height=\"150\" src=\"https:\/\/www.estudiotrevisan.com\/sitio\/wp-content\/uploads\/2026\/02\/pablo-150x150.jpg\" class=\"attachment-thumbnail size-thumbnail\" alt=\"\" \/><\/div><h4 class=\"eut-element eut-align-center eut-title-no-line\" style=\"\"><span>Pablo Trevis\u00e1n<\/span><\/h4>[vc_tta_accordion title_tag=\u00bbh6&#8243; section_title_tag=\u00bbh6&#8243; c_align=\u00bbcenter\u00bb c_icon=\u00bb\u00bb active_section=\u00bb545&#8243; collapsible_all=\u00bbtrue\u00bb el_class=\u00bbperfil\u00bb][vc_tta_section title=\u00bbVer Perfil\u00bb tab_id=\u00bb1770736390741-6a4d8334-7af0&#8243; el_class=\u00bbver-perfil\u00bb][vc_column_text]<span style=\"color: #2d6cb4;\"><strong>Se incorpor\u00f3 al Estudio Trevis\u00e1n en 1992.<br \/>\n<a href=\"mailto:ptrevisan@estudiotrevisan.com\">ptrevisan@estudiotrevisan.com<\/a><\/strong><\/span><\/p>\n<p><span style=\"color: #2d6cb4;\"><strong>Experiencia:<\/strong><\/span><br \/>\nEstudio Trevis\u00e1n; 2020-actualidad.<br \/>\nComisi\u00f3n Nacional de Defensa de la Competencia (CNDC), Vocal; 2015-2020.<br \/>\nEstudio Trevis\u00e1n, 2001 &#8211; 2015.<br \/>\nBACS Banco de Cr\u00e9dito y Securitizaci\u00f3n S.A., Director de Legales, 2004 \u2013 2008.<br \/>\nWhite &amp; Case, Bruselas, 2001.<br \/>\nEstudio O\u2019Farrell, 1998 &#8211; 2000.<br \/>\nEstudio Trevis\u00e1n, 1992 &#8211; 1997.<\/p>\n<p><span style=\"color: #2d6cb4;\"><strong>Educaci\u00f3n:<\/strong><\/span><br \/>\nUniversidad Cat\u00f3lica Argentina, (UCA), abogado, 1997.<br \/>\nFordham University, Nueva York, EEUU (Visiting Research Fellow, 2014)<br \/>\nDoctorando en Ciencias Jur\u00eddicas, tesis pendiente (UCA, 2014).<br \/>\nLondon School of Economics and Political Science (LSE), Londres, RU (LLM, 2000-2001).<br \/>\nYale University, New Haven, EEUU (1997).<br \/>\nPosgrado Law &amp; Economics (CEDEF, 2005).<br \/>\nPosgrado en Derecho Financiero y Mercado de capitales (UCA, 1998).<\/p>\n<p><span style=\"color: #2d6cb4;\"><strong>\u00c1reas de Pr\u00e1ctica:<\/strong><\/span><br \/>\nDerecho de la Competencia. Derecho Comercial. Fusiones y Adquisiciones. Mercado de capitales. Derecho Financiero y Bancario. Financiaci\u00f3n de proyectos. Energ\u00eda y Recursos Naturales (Petr\u00f3leo y Gas). Pharmaceuticals &amp; Healthcare. Agro.<\/p>\n<p><span style=\"color: #2d6cb4;\"><strong>Otros:<\/strong><\/span><br \/>\nCo-Autor de la Ley de Defensa de la Competencia 27.442, sancionada el 9 de mayo de 2018.<br \/>\nAutor y Co-Director del libro: \u00abComentarios a la Ley de Defensa de la Competencia\u00bb, La Ley, 2018.<br \/>\nAutor de diversos trabajos de investigaci\u00f3n en el \u00e1rea del derecho y la pol\u00edtica de la competencia.<br \/>\nOtras publicaciones en editoriales legales especializadas y en medios masivos.<br \/>\nCo-autor del Argentine Chapter on M&amp;As de Getting the Deal Through (2007 &#8211; 2014).<br \/>\nExpositor y panelista en diversos congresos y conferencias en las materias de su especialidad.<br \/>\nDocente: UTDT, UCA, UCEMA, ESEADE, CEDEF y FORES.<br \/>\nMiembro del Colegio P\u00fablico de Abogados la Capital Federal (CPACF)<br \/>\nSocio del Colegio de Abogados de la Ciudad de Buenos Aires (CACBA), fue Presidente de la Comisi\u00f3n de Defensa de la Competencia del CACBA.<br \/>\nMiembro de la American Bar Association (ABA), Section of Antitrust Law, Miembro del Task Force on the Future of Competition Law Standards.<br \/>\nMiembro de la International Bar Association (IBA), Antitrust Committee.<br \/>\nMiembro del International Advisory Board del Institute for Consumer Antitrust Studies, de la Loyola University Chicago, EEUU.<\/p>\n<p><span style=\"color: #2d6cb4;\"><strong>Idiomas:<\/strong><\/span><br \/>\nEspa\u00f1ol &#8211; Ingl\u00e9s &#8211; Portugu\u00e9s.[\/vc_column_text][\/vc_tta_section][\/vc_tta_accordion][\/vc_column][vc_column width=\u00bb1\/3&#8243; css=\u00bb.vc_custom_1770746803037{background-color: #f2f2f2 !important;}\u00bb]<div class=\"eut-element eut-image eut-align-center\" style=\"\"><img loading=\"lazy\" decoding=\"async\" width=\"150\" height=\"150\" src=\"https:\/\/www.estudiotrevisan.com\/sitio\/wp-content\/uploads\/2026\/02\/claudia-150x150.jpg\" class=\"attachment-thumbnail size-thumbnail\" alt=\"\" \/><\/div><h4 class=\"eut-element eut-align-center eut-title-no-line\" style=\"\"><span>Claudia M. Delgado<\/span><\/h4>[vc_tta_accordion title_tag=\u00bbh6&#8243; section_title_tag=\u00bbh6&#8243; c_align=\u00bbcenter\u00bb c_icon=\u00bb\u00bb active_section=\u00bb789&#8243; collapsible_all=\u00bbtrue\u00bb el_class=\u00bbperfil\u00bb][vc_tta_section title=\u00bbVer Perfil\u00bb tab_id=\u00bbclaudia\u00bb el_class=\u00bbver-perfil\u00bb][vc_column_text]<span style=\"color: #2d6cb4;\"><strong>Se incorpor\u00f3 al Estudio Trevis\u00e1n en 1992.<br \/>\n<a href=\"mailto:Cdelgado@estudiotrevisan.com\">cdelgado@estudiotrevisan.com<\/a><br \/>\n<\/strong><\/span><\/p>\n<p><span style=\"color: #2d6cb4;\"><strong>Educaci\u00f3n:<\/strong><\/span><br \/>\nUniversidad de Buenos Aires (UBA), abogado, 1995.<\/p>\n<p><span style=\"color: #2d6cb4;\"><strong>\u00c1reas de pr\u00e1ctica:<\/strong><\/span><br \/>\nAsesoramiento integral en derecho empresarial. Derecho societario. Fusiones y Adquisiciones. Derecho comercial. Contratos corporativos. Pharmaceuticals &amp; Healthcare.<\/p>\n<p><span style=\"color: #2d6cb4;\"><strong>Idiomas:<\/strong><\/span><br \/>\nEspa\u00f1ol &#8211; Ingl\u00e9s.[\/vc_column_text][\/vc_tta_section][\/vc_tta_accordion][\/vc_column][\/vc_row][vc_row bg_type=\u00bbcolor\u00bb footer_feature=\u00bbyes\u00bb padding_top=\u00bb30&#8243; padding_bottom=\u00bb60&#8243; margin_bottom=\u00bb0&#8243; bg_color=\u00bb#f2f2f2&#8243;][vc_column width=\u00bb1\/3&#8243; css=\u00bb.vc_custom_1770746815708{background-color: #f2f2f2 !important;}\u00bb]<div class=\"eut-element eut-image eut-align-center\" style=\"\"><img loading=\"lazy\" decoding=\"async\" width=\"150\" height=\"150\" src=\"https:\/\/www.estudiotrevisan.com\/sitio\/wp-content\/uploads\/2026\/02\/laura-150x150.jpg\" class=\"attachment-thumbnail size-thumbnail\" alt=\"\" \/><\/div><h4 class=\"eut-element eut-align-center eut-title-no-line\" style=\"\"><span>Laura Bierzychudek<\/span><\/h4>[vc_tta_accordion title_tag=\u00bbh6&#8243; section_title_tag=\u00bbh6&#8243; c_align=\u00bbcenter\u00bb c_icon=\u00bb\u00bb active_section=\u00bb222&#8243; collapsible_all=\u00bbtrue\u00bb el_class=\u00bbperfil\u00bb][vc_tta_section title=\u00bbVer Perfil\u00bb tab_id=\u00bblaura\u00bb el_class=\u00bbver-perfil\u00bb][vc_column_text]<span style=\"color: #2d6cb4;\"><strong>Se incorpor\u00f3 al Estudio Trevis\u00e1n en 2005.<br \/>\n<a href=\"mailto:lbierzychudek@estudiotrevisan.com\">lbierzychudek@estudiotrevisan.com<\/a><br \/>\n<\/strong><\/span><\/p>\n<p><span style=\"color: #2d6cb4;\"><strong>Educaci\u00f3n:<\/strong><\/span><br \/>\nUniversidad de Buenos Aires (UBA), abogada, 2002 (t\u00edtulo de honor).<br \/>\nUniversidad de Roma Tor Vergata, Italia, M\u00e1ster en Sistema Giuridico Romanistico, Unificazione del Diritto e Diritto del Integrazione, 2008. Asociaci\u00f3n de Abogados de Buenos Aires (AABA) y Universidad de Buenos Aires (UBA), Programa de Actualizaci\u00f3n en Derecho de la Salud y gesti\u00f3n de organizaciones sanitarias, 2018.<br \/>\nUniversidad Torcuato di Tella, Programa avanzado en Derecho de Defensa de la Competencia, 2012.<br \/>\nCEDEF, Posgrado en temas jur\u00eddicos y financieros para abogados de empresas, 2008.<br \/>\nFORES &#8211; Escuela de Abogac\u00eda de Buenos Aires &#8211; Programa Entrenamiento para Abogados, 2005.<\/p>\n<p><span style=\"color: #2d6cb4;\"><strong>\u00c1reas de pr\u00e1ctica:<\/strong><\/span><br \/>\nAsesoramiento integral a empresas. Derecho Comercial. Derecho de la Competencia. Pharmaceuticals &amp; Healthcare. Energ\u00eda y Recursos Naturales (Petr\u00f3leo y Gas). Fusiones y Adquisiciones. Derecho Agrario. Derecho Civil.<\/p>\n<p><span style=\"color: #2d6cb4;\"><strong>Otros:<\/strong><\/span><br \/>\nPublicaciones: Publicaciones: \u201cCl\u00e1usulas y restricciones accesorias en el an\u00e1lisis de control de concentraciones de defensa de la competencia\u201d, en Comentarios a la Ley de Defensa de la Competencia, dirigido por Pablo Trevis\u00e1n, Miguel del Pino y Demetrio A. Chamatropulos, 1\u00aa ed, Ciudad de Buenos Aires, Thomson Reuters La Ley, 2018, pags. 331-341. Getting the Deal Through &#8211; Argentine Chapter on M&amp;As, 2008 &#8211; 2014. Investigaci\u00f3n: FORES, Proyectos: Jueces de la Naci\u00f3n y Recurso de Arbitrariedad ante la CSJN, 2004 &#8211; 2006. Becas: Instituto Italo-Latino Americano, Italia, Curso de Perfeccionamiento en Sistema Romanistico, Unificazione del Diritto e Diritto dell&#8217;Integrazione y colaboraci\u00f3n en la redacci\u00f3n de la revista jur\u00eddica Roma e America. Diritto Romano Comune, 2003-2004.<\/p>\n<p><span style=\"color: #2d6cb4;\"><strong>Idiomas:<br \/>\n<\/strong><\/span>Espa\u00f1ol &#8211; Ingl\u00e9s &#8211; Italiano<\/p>\n<p>&nbsp;<\/p>\n<p><span style=\"color: #2d6cb4;\"><strong>\u00a0<\/strong><\/span>[\/vc_column_text][\/vc_tta_section][\/vc_tta_accordion][\/vc_column][vc_column width=\u00bb1\/3&#8243;]<div class=\"eut-element eut-image eut-align-center\" style=\"\"><img loading=\"lazy\" decoding=\"async\" width=\"150\" height=\"150\" src=\"https:\/\/www.estudiotrevisan.com\/sitio\/wp-content\/uploads\/2026\/02\/miguel-150x150.jpg\" class=\"attachment-thumbnail size-thumbnail\" alt=\"\" \/><\/div><h4 class=\"eut-element eut-align-center eut-title-no-line\" style=\"\"><span>Miguel Calcarami<\/span><\/h4>[vc_tta_accordion title_tag=\u00bbh6&#8243; section_title_tag=\u00bbh6&#8243; c_align=\u00bbcenter\u00bb c_icon=\u00bb\u00bb active_section=\u00bb235&#8243; collapsible_all=\u00bbtrue\u00bb el_class=\u00bbperfil\u00bb][vc_tta_section title=\u00bbVer Perfil\u00bb tab_id=\u00bbmiguel\u00bb el_class=\u00bbver-perfil\u00bb][vc_column_text]<span style=\"color: #2d6cb4;\"><strong>Se incorpor\u00f3 al Estudio Trevis\u00e1n en 2007.<br \/>\n<a href=\"mailto:mcalcarami@estudiotrevisan.com\">mcalcarami@estudiotrevisan.com<\/a><br \/>\n<\/strong><\/span><\/p>\n<p><span style=\"color: #2d6cb4;\"><strong>Experiencia:<\/strong><\/span><br \/>\nEstudio H. Vasen, 2000 \u2013 2007.<\/p>\n<p><span style=\"color: #2d6cb4;\"><strong>Educaci\u00f3n:<\/strong><\/span><br \/>\nUniversidad de Buenos Aires (UBA), abogado, 2007. Curso de Posgrado en Derecho Econ\u00f3mico (UCA, 2008).<\/p>\n<p><span style=\"color: #2d6cb4;\"><strong>\u00c1reas de Pr\u00e1ctica:<\/strong><\/span><br \/>\nLitigios. Derecho Civil. Derecho Comercial. Contratos y Derecho Corporativo.<\/p>\n<p><span style=\"color: #2d6cb4;\"><strong>Idiomas:<\/strong><\/span><br \/>\nEspa\u00f1ol &#8211; Ingl\u00e9s.[\/vc_column_text][\/vc_tta_section][\/vc_tta_accordion][\/vc_column][vc_column width=\u00bb1\/3&#8243;]<div class=\"eut-element eut-image eut-align-center\" style=\"\"><img loading=\"lazy\" decoding=\"async\" width=\"150\" height=\"150\" src=\"https:\/\/www.estudiotrevisan.com\/sitio\/wp-content\/uploads\/2026\/02\/enrique-150x150.jpg\" class=\"attachment-thumbnail size-thumbnail\" alt=\"\" \/><\/div><h4 class=\"eut-element eut-align-center eut-title-no-line\" style=\"\"><span>Enrique Ramos Mej\u00eda<\/span><\/h4>[vc_tta_accordion title_tag=\u00bbh6&#8243; section_title_tag=\u00bbh6&#8243; c_align=\u00bbcenter\u00bb c_icon=\u00bb\u00bb active_section=\u00bb2235&#8243; collapsible_all=\u00bbtrue\u00bb el_class=\u00bbperfil\u00bb][vc_tta_section title=\u00bbVer Perfil\u00bb tab_id=\u00bbenrique\u00bb el_class=\u00bbver-perfil\u00bb][vc_column_text]<span style=\"color: #2d6cb4;\"><strong>Se incorpor\u00f3 al Estudio Trevis\u00e1n en 2017.<br \/>\n<\/strong><\/span>[\/vc_column_text][\/vc_tta_section][\/vc_tta_accordion][\/vc_column][\/vc_row][vc_row bg_type=\u00bbcolor\u00bb footer_feature=\u00bbyes\u00bb padding_top=\u00bb60&#8243; padding_bottom=\u00bb120&#8243; margin_bottom=\u00bb0&#8243; bg_color=\u00bb#f2f2f2&#8243;][vc_column width=\u00bb1\/3&#8243;]<h4 class=\"eut-element eut-align-center eut-title-no-line\" style=\"\"><span>Mat\u00edas Echevarria<\/span><\/h4>[vc_tta_accordion title_tag=\u00bbh6&#8243; section_title_tag=\u00bbh6&#8243; c_align=\u00bbcenter\u00bb c_icon=\u00bb\u00bb active_section=\u00bb324&#8243; collapsible_all=\u00bbtrue\u00bb el_class=\u00bbperfil\u00bb][vc_tta_section title=\u00bbVer Perfil\u00bb tab_id=\u00bbmatias\u00bb el_class=\u00bbver-perfil\u00bb][vc_column_text]<span style=\"color: #2d6cb4;\"><strong>Se incorpor\u00f3 al Estudio Trevis\u00e1n en 2022.<br \/>\n<a href=\"mailto:mechevarria@estudiotrevisan.com\" target=\"_blank\" rel=\"noopener\">mechevarria@estudiotrevisan.<wbr \/>com<\/a><br \/>\n<\/strong><\/span><\/p>\n<p><span style=\"color: #2d6cb4;\"><strong>Experiencia Previa:<br \/>\n<\/strong><\/span>Estudio Salem &amp; Seguetti, 2022<br \/>\nEstudio Lopez Canfora Lopez Melnyk, 2021-2022<\/p>\n<p><span style=\"color: #2d6cb4;\"><strong>Educaci\u00f3n:<\/strong><\/span><br \/>\nUniversidad de Buenos Aires (UBA), Cursando el Profesorado para la Ense\u00f1anza Media y Superior Cs. Jur\u00eddicas.<br \/>\nUniversidad del CEMA, Certificaci\u00f3n Internacional en \u00c9tica y Compliance (IFCA), 2023.<br \/>\nUniversidad de Buenos Aires (UBA), abogado, 2022 (t\u00edtulo de honor).<br \/>\nUniversidad de Buenos Aires (UBA), Procurador, 2021.<\/p>\n<p><span style=\"color: #2d6cb4;\"><strong>\u00c1reas de pr\u00e1ctica:<\/strong><\/span><br \/>\nLitigios. Derecho Civil. Derecho Comercial. Compliance. Derecho de la competencia.<\/p>\n<p><span style=\"color: #2d6cb4;\"><strong>Otros:<\/strong><\/span><br \/>\nAuxiliar docente, UBA, derecho comercial, 2023.<br \/>\nMiembro del Colegio P\u00fablico de Abogados la Capital Federal (CPACF)<br \/>\nMiembro de la Asociaci\u00f3n Argentina de \u00c9tica y Compliance<\/p>\n<p><span style=\"color: #2d6cb4;\"><strong>Idiomas:<br \/>\n<\/strong><\/span>Espa\u00f1ol &#8211; Ingl\u00e9s<span style=\"color: #2d6cb4;\"><strong>\u00a0<\/strong><\/span>[\/vc_column_text][\/vc_tta_section][\/vc_tta_accordion][\/vc_column][vc_column width=\u00bb1\/3&#8243;]<h4 class=\"eut-element eut-align-center eut-title-no-line\" style=\"\"><span>Marie Olivier de Sanderval<\/span><\/h4>[vc_tta_accordion title_tag=\u00bbh6&#8243; section_title_tag=\u00bbh6&#8243; c_align=\u00bbcenter\u00bb c_icon=\u00bb\u00bb active_section=\u00bb654&#8243; collapsible_all=\u00bbtrue\u00bb el_class=\u00bbperfil\u00bb][vc_tta_section title=\u00bbVer Perfil\u00bb tab_id=\u00bbMarie\u00bb el_class=\u00bbver-perfil\u00bb][vc_column_text]<span style=\"color: #2d6cb4;\"><strong>Se incorpor\u00f3 al Estudio Trevis\u00e1n en 2023.<br \/>\n<a href=\"mailto:mdesandeval@estudiotrevisan.com\">mdesandeval@estudiotrevisan.<wbr \/>com<\/a><br \/>\n<\/strong><\/span><\/p>\n<p><span style=\"color: #2d6cb4;\"><strong>Experiencia:<\/strong><\/span><\/p>\n<p>Estudio OBADIA &amp; STASI (Par\u00eds, Francia) 2013 \u2013 2023<br \/>\nEstudio METZNER Associ\u00e9s (Par\u00eds, Francia) 2012<\/p>\n<p><span style=\"color: #2d6cb4;\"><strong>Educaci\u00f3n:<\/strong><\/span><\/p>\n<p>Universidad Par\u00eds X, Nanterre (Francia), 2008, licenciatura en derecho privado<\/p>\n<p>Universidad de Par\u00eds II, Panth\u00e9on Assas (Francia), 2010, postgrado en derecho privado<\/p>\n<p>Escuela de Formaci\u00f3n profesional del Colegio de Abogados de Par\u00eds (Francia), 2012, certificado de aptitud para la profesi\u00f3n de abogado<\/p>\n<p>Universidad de Buenos Aires, 2022, rev\u00e1lida del t\u00edtulo de abogada obtenido en el extranjero<\/p>\n<p><span style=\"color: #2d6cb4;\"><strong>\u00c1reas de Pr\u00e1ctica:<\/strong><\/span><br \/>\nLitigios. Derecho internacional privado. Derecho civil. Contratos y derecho corporativo. Derecho penal general y derecho penal econ\u00f3mico.<\/p>\n<p><span style=\"color: #2d6cb4;\"><strong>Idiomas:<\/strong><\/span><br \/>\nFranc\u00e9s &#8211; Espa\u00f1ol &#8211; Ingl\u00e9s.[\/vc_column_text][\/vc_tta_section][\/vc_tta_accordion][\/vc_column][\/vc_row][vc_row][vc_column][vc_empty_space][\/vc_column][\/vc_row]<\/p>\n<\/section>","protected":false},"excerpt":{"rendered":"<p>[vc_row bg_type=\u00bbcolor\u00bb header_feature=\u00bbyes\u00bb padding_bottom=\u00bb30&#8243; margin_bottom=\u00bb0&#8243; bg_color=\u00bb#f2f2f2&#8243; el_class=\u00bbequipo\u00bb][vc_column css=\u00bb.vc_custom_1770746653925{padding-top: 60px !important;background-color: #f2f2f2 !important;}\u00bb][\/vc_column][vc_column css=\u00bb.vc_custom_1770746527232{background-color: #f2f2f2 !important;}\u00bb][vc_empty_space height=\u00bb60&#8243;][\/vc_column][vc_column width=\u00bb1\/3&#8243; css=\u00bb.vc_custom_1770746775101{background-color: #f2f2f2 !important;}\u00bb][vc_tta_accordion title_tag=\u00bbh6&#8243; section_title_tag=\u00bbh6&#8243; c_align=\u00bbcenter\u00bb c_icon=\u00bb\u00bb active_section=\u00bb123&#8243; collapsible_all=\u00bbtrue\u00bb el_class=\u00bbperfil\u00bb][vc_tta_section title=\u00bbVer Perfil\u00bb tab_id=\u00bbhector\u00bb el_class=\u00bbver-perfil\u00bb][vc_column_text]Se incorpor\u00f3 al Estudio Trevis\u00e1n en 1967. htrevisan@estudiotrevisan.com Educaci\u00f3n: Universidad de Buenos Aires (UBA), abogado, 1967. Tulane University , Louisiana, EEUU (LLM, 1969). \u00c1reas de [&hellip;]<\/p>\n","protected":false},"author":1,"featured_media":0,"parent":0,"menu_order":0,"comment_status":"closed","ping_status":"closed","template":"","meta":{"footnotes":""},"class_list":["post-2856","page","type-page","status-publish","hentry"],"_links":{"self":[{"href":"https:\/\/www.estudiotrevisan.com\/sitio\/wp-json\/wp\/v2\/pages\/2856","targetHints":{"allow":["GET"]}}],"collection":[{"href":"https:\/\/www.estudiotrevisan.com\/sitio\/wp-json\/wp\/v2\/pages"}],"about":[{"href":"https:\/\/www.estudiotrevisan.com\/sitio\/wp-json\/wp\/v2\/types\/page"}],"author":[{"embeddable":true,"href":"https:\/\/www.estudiotrevisan.com\/sitio\/wp-json\/wp\/v2\/users\/1"}],"replies":[{"embeddable":true,"href":"https:\/\/www.estudiotrevisan.com\/sitio\/wp-json\/wp\/v2\/comments?post=2856"}],"version-history":[{"count":12,"href":"https:\/\/www.estudiotrevisan.com\/sitio\/wp-json\/wp\/v2\/pages\/2856\/revisions"}],"predecessor-version":[{"id":2884,"href":"https:\/\/www.estudiotrevisan.com\/sitio\/wp-json\/wp\/v2\/pages\/2856\/revisions\/2884"}],"wp:attachment":[{"href":"https:\/\/www.estudiotrevisan.com\/sitio\/wp-json\/wp\/v2\/media?parent=2856"}],"curies":[{"name":"wp","href":"https:\/\/api.w.org\/{rel}","templated":true}]}}